divided by 18482.
53
Calculate the remainder when 60395 is divided by 3548.
79
What is the remainder when 15922 is divided by 56?
18
Calculate the remainder when 2466 is divided by 233.
136
Calculate the remainder when 6898331 is divided by 15.
11
What is the remainder when 6101 is divided by 1227?
1193
What is the remainder when 1234 is divided by 20?
14
What is the remainder when 73116 is divided by 9139?
4
Calculate the remainder when 207760 is divided by 3350.
60
Calculate the remainder when 740048 is divided by 122.
118
What is the remainder when 32026 is divided by 32020?
6
Calculate the remainder when 19264 is divided by 11.
3
What is the remainder when 450981 is divided by 38?
35
Calculate the remainder when 9379 is divided by 69.
64
What is the remainder when 63822 is divided by 7091?
3
Calculate the remainder when 388733 is divided by 129572.
17
Calculate the remainder when 9345 is divided by 1699.
850
Calculate the remainder when 1463 is divided by 390.
293
What is the remainder when 31558 is divided by 768?
70
Calculate the remainder when 11070 is divided by 3667.
69
Calculate the remainder when 139019 is divided by 662.
661
What is the remainder when 24910 is divided by 2757?
97
What is the remainder when 41923 is divided by 223?
222
What is the remainder when 143517 is divided by 156?
153
Calculate the remainder when 515868 is divided by 32.
28
Calculate the remainder when 927918 is divided by 141.
138
Calculate the remainder when 1703 is divided by 362.
255
Calculate the remainder when 27038 is divided by 65.
63
What is the remainder when 23678 is divided by 504?
494
What is the remainder when 7156 is divided by 1723?
264
Calculate the remainder when 479493 is divided by 70.
63
What is the remainder when 2898 is divided by 1233?
432
What is the remainder when 13058 is divided by 25?
8
Calculate the remainder when 12266 is divided by 4055.
101
Calculate the remainder when 8377 is divided by 949.
785
What is the remainder when 67329 is divided by 724?
721
What is the remainder when 4482 is divided by 647?
600
Calculate the remainder when 4115 is divided by 25.
15
What is the remainder when 3694 is divided by 80?
14
Calculate the remainder when 23507 is divided by 30.
17
Calculate the remainder when 99075 is divided by 59.
14
Calculate the remainder when 1546443 is divided by 11.
8
What is the remainder when 5476 is divided by 8?
4
Calculate the remainder when 1035635 is divided by 496.
483
Calculate the remainder when 2520 is divided by 80.
40
Calculate the remainder when 30639 is divided by 10212.
3
Calculate the remainder when 14350 is divided by 184.
182
What is the remainder when 9581 is divided by 2385?
41
What is the remainder when 525525 is divided by 28?
21
Calculate the remainder when 8627 is divided by 4306.
15
What is the remainder when 63200 is divided by 48?
32
Calculate the remainder when 31903 is divided by 21.
4
Calculate the remainder when 16398 is divided by 68.
10
What is the remainder when 11735 is divided by 24?
23
What is the remainder when 5314 is divided by 1757?
43
Calculate the remainder when 3073 is divided by 3062.
11
Calculate the remainder when 60949 is divided by 237.
40
Calculate the remainder when 7444 is divided by 196.
192
Calculate the remainder when 16054 is divided by 3209.
9
What is the remainder when 18400 is divided by 6133?
1
What is the remainder when 13821 is divided by 452?
261
Calculate the remainder when 584711 is divided by 43.
40
What is the remainder when 12992 is divided by 12992?
0
What is the remainder when 6153 is divided by 6104?
49
What is the remainder when 483598 is divided by 806?
804
What is the remainder when 2431 is divided by 167?
93
Calculate the remainder when 84610 is divided by 211.
210
What is the remainder when 2273 is divided by 221?
63
Calculate the remainder when 55971 is divided by 27960.
51
What is the remainder when 159024 is divided by 17669?
3
Calculate the remainder when 143973 is divided by 610.
13
What is the remainder when 97729 is divided by 98?
23
Calculate the remainder when 18730 is divided by 26.
10
Calculate the remainder when 8681 is divided by 8664.
17
What is the remainder when 29258 is divided by 2437?
14
What is the remainder when 4172 is divided by 172?
44
What is the remainder when 1634 is divided by 499?
137
Calculate the remainder when 103949 is divided by 123.
14
What is the remainder when 1190 is divided by 423?
344
What is the remainder when 24449 is divided by 31?
21
What is the remainder when 87981 is divided by 353?
84
Calculate the remainder when 21398 is divided by 535.
533
What is the remainder when 37588 is divided by 1392?
4
Calculate the remainder when 1453 is divided by 489.
475
What is the remainder when 1361618 is divided by 46952?
10
What is the remainder when 21942 is divided by 17?
12
What is the remainder when 354797 is divided by 4?
1
Calculate the remainder when 2296511 is divided by 72.
71
Calculate the remainder when 37605 is divided by 220.
205
Calculate the remainder when 6781 is divided by 2634.
1513
What is the remainder when 7505 is divided by 1840?
145
What is the remainder when 91255 is divided by 4343?
52
Calculate the remainder when 327519 is divided by 163756.
7
What is the remainder when 11759 is divided by 3?
2
What is the remainder when 431 is divided by 145?
141
What is the remainder when 2039375 is divided by 980?
975
What is the remainder when 11397 is divided by 200?
197
What is the remainder when 399 is divided by 100?
99
Calculate the remainder when 23509 is divided by 856.
397
Calculate the remainder when 1647 is divided by 125.
22
What is the remainder when 11409 is divided by 348?
273
What is the remainder when 262083 is divided by 240?
3
Calculate the remainder when 15655 is divided by 1950.
55
What is the remainder when 2074 is divided by 411?
19
What is the remainder when 91161 is divided by 55?
26
Calculate the remainder when 36837 is divided by 39.
21
Calculate the remainder when 48835 is divided by 219.
217
What is the remainder when 364360 is divided by 10716?
16
Calculate the remainder when 5999 is divided by 712.
303
What is the remainder when 11422 is divided by 1175?
847
Calculate the remainder when 4079 is divided by 26.
23
What is the remainder when 18009 is divided by 5988?
45
What is the remainder when 8034430 is divided by 1708?
1706
What is the remainder when 15562 is divided by 567?
253
Calculate the remainder when 2580 is divided by 2496.
84
Calculate the remainder when 10079 is divided by 2513.
27
What is the remainder when 1471 is divided by 11?
8
Calculate the remainder when 338 is divided by 336.
2
Calculate the remainder when 1587847 is divided by 2705.
12
What is the remainder when 11123 is divided by 5535?
53
Calculate the remainder when 8777 is divided by 12.
5
What is the remainder when 4157 is divided by 40?
37
Calculate the remainder when 47440 is divided by 3644.
68
Calculate the remainder when 1273 is divided by 4.
1
What is the remainder when 17466 is divided by 17385?
81
Calculate the remainder when 29193 is divided by 410.
83
What is the remainder when 3980 is divided by 285?
275
Calculate the remainder when 239424 is divided by 23.
17
Calculate the remainder when 5930 is divided by 352.
298
What is the remainder when 237248 is divided by 17?
13
Calculate the remainder when 124490 is divided by 551.
515
What is the remainder when 1564 is divided by 427?
283
What is the remainder when 12880 is divided by 3092?
512
Calculate the remainder when 7602 is divided by 206.
186
Calculate the remainder when 8775 is divided by 2880.
135
Calculate the remainder when 1898 is divided by 1795.
103
Calculate the remainder when 2467366 is divided by 18.
16
Calculate the remainder when 100415 is divided by 75.
65
Calculate the remainder when 23081 is divided by 1301.
964
What is the remainder when 26412 is divided by 499?
464
Calculate the remainder when 625503 is divided by 34749.
21
Calculate the remainder when 105 is divided by 50.
5
Calculate the remainder when 304469 is divided by 13.
9
Calculate the remainder when 956678 is divided by 12.
2
What is the remainder when 9712 is divided by 577?
480
What is the remainder when 409299 is divided by 20?
19
Calculate the re